{"version":"1.0","provider_name":"FC Wolhusen","provider_url":"https:\/\/fcwolhusen.ch\/wp","author_name":"admin","author_url":"https:\/\/fcwolhusen.ch\/wp\/author\/fcadmin\/","title":"Juniorenlager vom 2. - 8. August 2026 - FC Wolhusen","type":"rich","width":600,"height":338,"html":"<blockquote class=\"wp-embedded-content\" data-secret=\"qUCPPT3fqA\"><a href=\"https:\/\/fcwolhusen.ch\/wp\/2026\/04\/juniorenlager-vom-2-8-august-2026\/\">Juniorenlager vom 2. &#8211; 8. August 2026<\/a><\/blockquote><iframe sandbox=\"allow-scripts\" security=\"restricted\" src=\"https:\/\/fcwolhusen.ch\/wp\/2026\/04\/juniorenlager-vom-2-8-august-2026\/embed\/#?secret=qUCPPT3fqA\" width=\"600\" height=\"338\" title=\"&#8222;Juniorenlager vom 2. &#8211; 8. August 2026&#8220; &#8211; FC Wolhusen\" data-secret=\"qUCPPT3fqA\" frameborder=\"0\" marginwidth=\"0\" marginheight=\"0\" scrolling=\"no\" class=\"wp-embedded-content\"><\/iframe><script>\n\/*! This file is auto-generated *\/\n!function(d,l){\"use strict\";l.querySelector&&d.addEventListener&&\"undefined\"!=typeof URL&&(d.wp=d.wp||{},d.wp.receiveEmbedMessage||(d.wp.receiveEmbedMessage=function(e){var t=e.data;if((t||t.secret||t.message||t.value)&&!\/[^a-zA-Z0-9]\/.test(t.secret)){for(var s,r,n,a=l.querySelectorAll('iframe[data-secret=\"'+t.secret+'\"]'),o=l.querySelectorAll('blockquote[data-secret=\"'+t.secret+'\"]'),c=new RegExp(\"^https?:$\",\"i\"),i=0;i<o.length;i++)o[i].style.display=\"none\";for(i=0;i<a.length;i++)s=a[i],e.source===s.contentWindow&&(s.removeAttribute(\"style\"),\"height\"===t.message?(1e3<(r=parseInt(t.value,10))?r=1e3:~~r<200&&(r=200),s.height=r):\"link\"===t.message&&(r=new URL(s.getAttribute(\"src\")),n=new URL(t.value),c.test(n.protocol))&&n.host===r.host&&l.activeElement===s&&(d.top.location.href=t.value))}},d.addEventListener(\"message\",d.wp.receiveEmbedMessage,!1),l.addEventListener(\"DOMContentLoaded\",function(){for(var e,t,s=l.querySelectorAll(\"iframe.wp-embedded-content\"),r=0;r<s.length;r++)(t=(e=s[r]).getAttribute(\"data-secret\"))||(t=Math.random().toString(36).substring(2,12),e.src+=\"#?secret=\"+t,e.setAttribute(\"data-secret\",t)),e.contentWindow.postMessage({message:\"ready\",secret:t},\"*\")},!1)))}(window,document);\n<\/script>\n","thumbnail_url":"https:\/\/fcwolhusen.ch\/wp\/wp-content\/uploads\/2026\/04\/Flyer-Juniorenlager-2026.jpg","thumbnail_width":1241,"thumbnail_height":1749,"description":"Juniorenlager 2026 \u2013 Sei dabei und erlebe eine unvergessliche Sommerwoche!Jetzt noch schnell anmelden \u2013 es hat noch freie Pl\u00e4tze! Der Sommer r\u00fcckt n\u00e4her \u2013 und mit ihm unser beliebtes Juniorenlager des FC Malters &amp; FC Wolhusen! Vom 2. bis 8. August 2026 (5. Schulferienwoche) erwartet euch eine Woche voller Fussball, Spiel, Spass und unvergesslicher Erlebnisse&hellip;&nbsp;Weiterlesen &raquo;"}

Juniorenlager 2026 – Sei dabei und erlebe eine unvergessliche Sommerwoche!Jetzt noch schnell anmelden – es hat noch freie Plätze! Der Sommer rückt näher – und mit ihm unser beliebtes Juniorenlager des FC Malters &amp; FC Wolhusen! Vom 2. bis 8. August 2026 (5. Schulferienwoche) erwartet euch eine Woche voller Fussball, Spiel, Spass und unvergesslicher Erlebnisse&hellip;&nbsp;Weiterlesen &raquo;
